Suppose 2*t - 3*q = -v*q + 99, -3*t + 4*q + 106 = 0. List the prime factors of t.
2, 3, 7
Suppose -2*t + h + 796 = 3*h, -5*h - 20 = 0. What are the prime factors of t?
2, 3, 67
Suppose 0 = 2*i - 5*q - 910, 0 = q + 4. List the prime factors of i.
5, 89
Suppose -13*s - 579 + 1632 = 0. List the prime factors of s.
3
Let j = 2972 + -1900. List the prime factors of j.
2, 67
Suppose 0 = 4*y + 2 + 2. List the prime factors of y + 0 - (-42 - -4)/1.
37
What are the prime factors of 2/(8/12)*(-1975)/(-15)?
5, 79
Let s(u) = u**3 - 7*u**2 - 5*u - 10. Suppose -4 + 9 = g. Suppose -g*d = -2*d - 24. List the prime factors of s(d).
2, 7
Let g(f) = -f**2 - 5*f - 1. Let d be ((-4)/6)/(6/(-27)). Let l(p) = 2*p**2 + 6*p. Let c(z) = d*g(z) + 2*l(z). What are the prime factors of c(6)?
3, 5
Suppose 3*h = s + 5*h + 7, -s + 3*h = -3. What are the prime factors of (s - (-10)/3)/(4/1212)?
101
Let k(o) be the first derivative of o**4/4 + 17*o**3/3 + 7*o**2 + 37*o + 7. What are the prime factors of k(-16)?
3, 23
Let h = 40 - 30. Suppose 11*n - h*n = 116. What are the prime factors of n?
2, 29
Suppose 5*x + 2*v = 2048, 2*x + 4*v - 2*v - 818 = 0. List the prime factors of x.
2, 5, 41
Let i(r) = r**3 + 9*r**2 - r - 6. Let v be 56/(-6) - (-1)/3. Let z be i(v). Suppose -8 + 71 = z*x. List the prime factors of x.
3, 7
Let d(b) = b**2 - b - 10. Let w be d(10). Let g = 120 - w. Suppose g = -f + 3*f. What are the prime factors of f?
2, 5
Let w(r) = 11*r - 49. Let d(n) = -11*n + 50. Let m(v) = 4*d(v) + 5*w(v). List the prime factors of m(7).
2
Suppose -7*z + 2955 = -2*z - 3*g, 1792 = 3*z + 2*g. What are the prime factors of z?
2, 3, 11
Let a(j) = j**2 + 31*j - 341. List the prime factors of a(11).
11
Let a(y) = y**2 - 6*y + 1. Let u be a(7). Let x be (-65)/(-20) + (-2)/u. Suppose -3*j + 75 = k, 0 = -x*j - k - 3*k + 75. List the prime factors of j.
5
Suppose 3*y = y - 4, -3*z - 3*y = 0. Suppose 0 = -r - z + 6. Suppose -16 = -4*h - 5*m, -2*h + r*h - m - 22 = 0. List the prime factors of h.
3
Let r(o) = -2*o - 2. Let v(u) = -u + 1. Let h(m) = -r(m) + v(m). Let x be h(-3). List the prime factors of (64 - (5 - 1)) + x.
2, 3, 5
Suppose 0 = 6*j - 19*j + 13052. Suppose -152 = 4*d - j. List the prime factors of d.
3, 71
Let i(s) be the first derivative of 5*s**2/2 - 4*s + 3. Let m be ((-5)/2)/(15/(-36)). List the prime factors of i(m).
2, 13
What are the prime factors of (-25025)/(-63) - 0 - 4/18?
397
Let w = -240 + 294. List the prime factors of w.
2, 3
Suppose -3673 = 27*x - 31*x + 5*v, -5*x - v + 4584 = 0. List the prime factors of x.
7, 131
Let j = 17 - 13. Suppose 4*x = -4*o + 72, 0*x + j*x - 80 = 4*o. What are the prime factors of x?
19
Let w(l) be the first derivative of 2*l**3/3 + l**2/2 + 2*l - 2. Let i(c) = 2*c**2 + c + 2. Let m(j) = -3*i(j) + 4*w(j). What are the prime factors of m(-2)?
2
Let b(d) = 2*d**2 + 5*d - 219. List the prime factors of b(-38).
37, 67
Let c = 130 - 122. Suppose -3*q = -4*v - 783, -4*q - 5*v - 1045 = -c*q. What are the prime factors of q?
5, 53
Let m(u) = 4*u**2 - 4*u - 5. Let x be 7/(7/3) - 5. What are the prime factors of m(x)?
19
Let s = 26 + -30. Let v(i) = -9*i**3 - 11*i**2 + 19*i + 12. Let g(z) = -4*z**3 - 5*z**2 + 9*z + 6. Let j(b) = 7*g(b) - 3*v(b). List the prime factors of j(s).
2, 7
Let u(n) be the first derivative of n**4/4 + n**3/3 + 8*n + 4. Let k be u(0). Suppose 6*d = k*d - 72. What are the prime factors of d?
2, 3
Suppose 58*n - 49*n - 5679 = 0. What are the prime factors of n?
631
Suppose 3*d = d + 8. Suppose -2*u + d*u = 0. Suppose u = 2*j - 3*j - 2*n + 7, 0 = 5*n + 5. List the prime factors of j.
3
Suppose 3*o - 7*o + 12 = 0, -k + 5 = -5*o. Let p be (-2)/6 - 23/3. List the prime factors of p/k + (-524)/(-10).
2, 13
Suppose q - 4*w = 16, 0 = 3*q - q + 4*w + 16. Let j be (0 - -305) + (-1 + 1)/(-7). Suppose -3*h - 107 + j = q. What are the prime factors of h?
2, 3, 11
Suppose 15*k - 3*k = 3336. What are the prime factors of k?
2, 139
Let c = 4322 + -1945. List the prime factors of c.
2377
Suppose -40*i = -41*i + 70. Let m(u) = -u**2 - 4*u + 4. Let s be m(-4). Suppose 3*f - 5*q = 42, f - i = -s*f - q. What are the prime factors of f?
2, 7
Let t be -9 - -13 - (0 + 0). Let x = 0 + t. Suppose 5*b + x*w - 40 = -w, -4*b = -w - 17. List the prime factors of b.
5
Suppose -y + 2*y = 1210. What are the prime factors of y?
2, 5, 11
Suppose 5*p = -2*o - o + 2909, -3*p - 965 = -o. List the prime factors of o.
2, 11
Let y be (2 - 0) + -4 + 2. Suppose 2*h - 34 = -4*t, y*h + 18 = 3*t - h. Let n(d) = -d + 14. List the prime factors of n(t).
7
Let d(o) = o**3 - 6*o**2 + 3*o - 2. Let t be d(6). Suppose -14*h = -t*h + 6. Let g(b) = 3*b**3 - 4*b**2 + 4*b - 3. What are the prime factors of g(h)?
2, 3
Let s(y) = -174*y**3 - 4*y**2 + 3. What are the prime factors of s(-1)?
173
Let o(y) = 20*y**2 - 7*y - 24. What are the prime factors of o(-5)?
7, 73
Suppose 0 = -35*o + 16*o + 15276. What are the prime factors of o?
2, 3, 67
Let z = 484 - 315. Suppose -2*w = -2*i - 3*w + z, 4*i - 323 = w. Suppose 2*p + 23 = 3*q - 95, -2*q + 3*p = -i. List the prime factors of q.
2, 19
Suppose 5*w - 4*q = 19, 0 = 4*w - q + 5 - 29. List the prime factors of (-33)/(-2)*((-980)/(-15))/w.
2, 7, 11
What are the prime factors of 6952/(-132)*(-9)/1?
2, 3, 79
Let f(s) = -2*s**2 - 72*s + 41. List the prime factors of f(-31).
3, 13
Let x(s) = s**3 - 4*s**2 - 7*s + 3. Let n be x(6). Suppose -3*d = 3*c - 0*d - 39, -d + 61 = 5*c. Let v = n - c. What are the prime factors of v?
3, 7
What are the prime factors of (-10)/(-5) + 1419 - 8?
3, 157
What are the prime factors of (16/(224/(-6678)))/(3/(-2))?
2, 3, 53
Suppose 0 = 2*f - 35 - 11. Suppose -1 = -3*m - 4*u + f, 4*u - 8 = m. Suppose m = n + 5*g - 21, 4*n + 3*g = 32. What are the prime factors of n?
5
Let s(r) = -42*r + 2. Let q be s(-1). Let v = q - 38. Let m = 39 - v. List the prime factors of m.
3, 11
Let p = -175 + 234. What are the prime factors of p?
59
Let n be (-204)/(-85)*(-1 - 4). Let j = 2 - n. List the prime factors of j.
2, 7
What are the prime factors of -18*1/((-21)/287)?
2, 3, 41
What are the prime factors of -1 - (-692 + 0*2/4)?
691
Let g(k) = -k**2 - 6*k - 3. Let l be g(-7). Let q = 36 + l. Suppose 3*t + q = 5*t. List the prime factors of t.
13
Suppose s = -s + 5*s. Let y(l) = l**2 + l + 12. What are the prime factors of y(s)?
2, 3
List the prime factors of 78804/45 + (-42)/35.
2, 5, 7
Let z(f) = -3*f**2 - 11*f - 10. Let h be z(-5). What are the prime factors of 65*1*(-18)/h*1?
3, 13
Let d = -439 - -911. What are the prime factors of d?
2, 59
Let x = 592 + -334. List the prime factors of x.
2, 3, 43
Suppose w = 3*o + 822, -2*w - 8*o = -3*o - 1600. Suppose g = -5*g + w. List the prime factors of g.
3, 5
Suppose 2*a + 480 = -5*f - 0*a, -f + 3*a = 113. Let g = -7 - f. List the prime factors of g.
7, 13
Let i = -5 - -19. Let v = i + -9. Suppose z + 3*z = j - 35, -v*j = 2*z - 175. What are the prime factors of j?
5, 7
Let t be 6*(-6)/(-126) + (-999)/(-7). Let h = t + -59. List the prime factors of h.
2, 3, 7
Let p = 6153 - 3965. What are the prime factors of p?
2, 547
Suppose 15*q = 38 + 97. What are the prime factors of q?
3
Suppose 10*i = 13*i - 15. Suppose -4*b + 0*b = 4*k - 20, -3*k - b + i = 0. What are the prime factors of (k + -118)/(-2)*1?
59
Let w(p) = p**2 - 5*p + 1. Let t be w(5). Let f be 2 + 1 + -6 - -7. Let c = t + f. List the prime factors of c.
5
Let j(i) = -i**2 - 3*i + 2. Let a be j(-2). What are the prime factors of (-1 + 19/a)*8?
2, 3, 5
Suppose 148 = -6*s + 10*s. Let v = s + 13. What are the prime factors of 15*(-5)/v*-44?
2, 3, 11
What are the prime factors of (169/(-2))/(-7 + 13/2)?
13
Let z(g) = g**3 - 9*g**2 - 6*g - 11. Suppose 0 = u - 6 + 1, 2*p - 5 = 3*u. What are the prime factors of z(p)?
29
Suppose 4*d - 3*n - 17 = 0, -2*d = -5*d - 5*n - 9. Suppose d*r - 24 - 58 = 0. What are the prime factors of r?
41
Suppose -4*i - 24 = -i. Let a(c) = 0 + 2 + 3*c + 3*c**2 - 2*c**2 + 3*c. List the prime factors of a(i).
2, 3
Let s be (-2 - -3)*1 - -6. Suppose f - 2*h = -s, -f - 5*h = f - 31. Suppose 21 = 3*g - 5*w - 34, -87 = -3*g - f*w. What are the prime factors of g?
5
Let x(i) = 2*i**2 - 51 - 8*i + 105 - 34. Let q be x(8). Suppose q = 4*n - n. What are the prime factors of n?
2, 7
Let d(u) = 6*u**2 + 60*u - 23